{"id":118,"date":"2025-06-22T18:26:19","date_gmt":"2025-06-22T18:26:19","guid":{"rendered":"https:\/\/baboomapp.com\/?page_id=118"},"modified":"2025-06-22T19:11:13","modified_gmt":"2025-06-22T19:11:13","slug":"pravila-privatnosti","status":"publish","type":"page","link":"https:\/\/baboomapp.com\/?page_id=118","title":{"rendered":"Pravila privatnosti"},"content":{"rendered":"<section class=\"bde-section-118-100 bde-section\">\n  \n  \n\t\n\n\n\n<div class=\"section-container\"><h1 class=\"bde-heading-118-101 bde-heading\">\nPravila privatnosti\n<\/h1><div class=\"bde-text-118-102 bde-text\">\nVa\u0161a privatnost nam je va\u017ena.<br>\n<\/div><div class=\"bde-rich-text-118-103 bde-rich-text breakdance-rich-text-styles\">\n<h3 data-start=\"1273\" data-end=\"1307\">1. Koje podatke prikupljamo?<\/h3>\n<ul data-start=\"1308\" data-end=\"1420\">\n<li data-start=\"1308\" data-end=\"1367\">\n<p data-start=\"1310\" data-end=\"1367\">Osnovne informacije (ime, email, dobna skupina djeteta)<\/p>\n<\/li>\n<li data-start=\"1368\" data-end=\"1420\">\n<p data-start=\"1370\" data-end=\"1420\">Aktivnosti u aplikaciji (poruke, objave u grupama)<\/p>\n<\/li>\n<\/ul>\n<h3 data-start=\"1422\" data-end=\"1457\">2. Za\u0161to prikupljamo podatke?<\/h3>\n<ul data-start=\"1458\" data-end=\"1567\">\n<li data-start=\"1458\" data-end=\"1502\">\n<p data-start=\"1460\" data-end=\"1502\">Za povezivanje s relevantnim korisnicima<\/p>\n<\/li>\n<li data-start=\"1503\" data-end=\"1542\">\n<p data-start=\"1505\" data-end=\"1542\">Za pobolj\u0161anje korisni\u010dkog iskustva<\/p>\n<\/li>\n<li data-start=\"1543\" data-end=\"1567\">\n<p data-start=\"1545\" data-end=\"1567\">Za sigurnost zajednice<\/p>\n<\/li>\n<\/ul>\n<h3 data-start=\"1569\" data-end=\"1603\">3. Dijelimo li va\u0161e podatke?<\/h3>\n<p data-start=\"1604\" data-end=\"1670\"><strong data-start=\"1604\" data-end=\"1611\">Ne.<\/strong> Ne prodajemo ni dijelimo va\u0161e podatke bez va\u0161eg pristanka.<\/p>\n<h3 data-start=\"1672\" data-end=\"1712\">4. Kola\u010di\u0107i i tehnologije pra\u0107enja<\/h3>\n<p data-start=\"1713\" data-end=\"1781\">Koristimo osnovne kola\u010di\u0107e za analitiku i funkcionalnost aplikacije.<\/p>\n<h3 data-start=\"1783\" data-end=\"1802\">5. Va\u0161a prava<\/h3>\n<p data-start=\"1803\" data-end=\"1944\">Imate pravo zatra\u017eiti pristup, ispravak ili brisanje svojih podataka u bilo kojem trenutku.<br data-start=\"1894\" data-end=\"1897\" \/>Kontaktirajte nas na: <strong data-start=\"1919\" data-end=\"1944\"><a class=\"cursor-pointer\" href=\"mailto:podrska@baboom.app\" rel=\"noopener\" data-start=\"1921\" data-end=\"1942\">podrska@baboom.app<\/a><\/strong><\/p>\n<\/div><\/div>\n<\/section>","protected":false},"excerpt":{"rendered":"<p>Pravila privatnosti Va\u0161a privatnost nam je va\u017ena. 1. Koje podatke prikupljamo? Osnovne informacije (ime, email, dobna skupina djeteta) Aktivnosti u aplikaciji (poruke, objave u grupama) 2. Za\u0161to prikupljamo podatke? Za povezivanje s relevantnim korisnicima Za pobolj\u0161anje korisni\u010dkog iskustva Za sigurnost zajednice 3. Dijelimo li va\u0161e podatke? Ne. Ne prodajemo ni dijelimo va\u0161e podatke bez va\u0161eg [&hellip;]<\/p>\n","protected":false},"author":1,"featured_media":0,"parent":0,"menu_order":0,"comment_status":"closed","ping_status":"closed","template":"","meta":{"_breakdance_hide_in_design_set":false,"_breakdance_tags":"","footnotes":""},"class_list":["post-118","page","type-page","status-publish","hentry"],"_links":{"self":[{"href":"https:\/\/baboomapp.com\/index.php?rest_route=\/wp\/v2\/pages\/118","targetHints":{"allow":["GET"]}}],"collection":[{"href":"https:\/\/baboomapp.com\/index.php?rest_route=\/wp\/v2\/pages"}],"about":[{"href":"https:\/\/baboomapp.com\/index.php?rest_route=\/wp\/v2\/types\/page"}],"author":[{"embeddable":true,"href":"https:\/\/baboomapp.com\/index.php?rest_route=\/wp\/v2\/users\/1"}],"replies":[{"embeddable":true,"href":"https:\/\/baboomapp.com\/index.php?rest_route=%2Fwp%2Fv2%2Fcomments&post=118"}],"version-history":[{"count":5,"href":"https:\/\/baboomapp.com\/index.php?rest_route=\/wp\/v2\/pages\/118\/revisions"}],"predecessor-version":[{"id":139,"href":"https:\/\/baboomapp.com\/index.php?rest_route=\/wp\/v2\/pages\/118\/revisions\/139"}],"wp:attachment":[{"href":"https:\/\/baboomapp.com\/index.php?rest_route=%2Fwp%2Fv2%2Fmedia&parent=118"}],"curies":[{"name":"wp","href":"https:\/\/api.w.org\/{rel}","templated":true}]}}